 - 5. Let f be z(4). Let h = f + -21. Let c be ((-6)/(-2))/(h/4). Determine x(c).
-5
Let y = -33 + 33. Let m(c) = c**2. Determine m(y).
0
Let o(s) = -s**2 + 3*s + 4. Let g be o(5). Let k(w) be the third derivative of w**6/120 + 7*w**5/60 + w**4/4 + w**3/3 - 10*w**2. What is k(g)?
2
Let d(z) = 21*z - 8. Let h(t) = -10*t + 4. Let o(w) = -4*d(w) - 9*h(w). Determine o(-3).
-22
Let q(b) = b**2 + b - 4. Suppose 4*v - 2*i + 2 = 0, 0*i = -v - 4*i - 23. Give q(v).
2
Let t(o) = 3*o**3 - 4*o**2 - 6*o + 6. Let l(k) = 10*k**3 - 11*k**2 - 17*k + 17. Let u(i) = -2*l(i) + 7*t(i). Give u(7).
1
Let p(j) = -2*j + 10. Let r be p(7). Let v = -3 - r. Let n(s) = 4*s. What is n(v)?
4
Let g be (3 - 2)/((-2)/(-8)). Let q(k) = 0 - 3 - k + 8*k**3 + g + k**2. Determine q(1).
9
Let h(g) = g**2 + 6*g - 6. Let s be h(-7). Let v(z) = -z**3 - 2 + s - 5 - z**2 + 2*z + 6*z**2. Calculate v(5).
4
Suppose 3*p - 5*z + 29 = -p, 14 = -2*p + 2*z. Let u(y) = -y**2 - 9*y - 7. Give u(p).
11
Let a(o) = -o**2 - 11*o. Let v(i) = -i**2 - 12*i + 1. Let j(m) = -6*a(m) + 5*v(m). Suppose -32*r + 24 = -38*r. What is j(r)?
-3
Let c = 44 - 44. Let j(i) = -i**2 - i + 15. Calculate j(c).
15
Let h(x) = 9*x + 4*x**3 - 4*x**3 - 4 - x**3 - 12*x - 6*x**2. Calculate h(-6).
14
Suppose 7*o = 11*o - 12. Suppose 0*k = -k + 1. Let a(y) = -o - y + k + 3*y. Determine a(-3).
-8
Let a = -4 + 6. Let g(w) = -w**2 - 4*w + 7. Let o be g(-5). Let j = o - a. Let t(l) = l**3 - l**2 - l - 5. Calculate t(j).
-5
Let q(y) be the second derivative of y**5/20 + 5*y**4/6 - y**3/6 - y**2/2 + 17*y. Give q(-10).
9
Let c(p) be the third derivative of p**6/120 - p**5/15 - p**4/12 + p**3 + 12*p**2. Determine c(4).
-2
Let p(f) = -f**2 - f - 1. Let h(i) = i**2 + 1. Let s(l) = -3*h(l) - 2*p(l). Give s(1).
0
Let w be -2*(-4)/(-8)*2. Let t be (w/6)/(1/9). Let l(x) = -2*x**2 - 4*x + 1. Give l(t).
-5
Suppose 3*l - 9 = -0. Let w(d) be the first derivative of -d**2 + 4*d + 9. Give w(l).
-2
Let s(z) = -8 - 6*z - 15 + 23. Determine s(-1).
6
Suppose -4 + 5 = v. Let b(g) = g - 2. Let d(x) = -x + 2. Let m(r) = 4*b(r) + 5*d(r). Calculate m(v).
1
Let l(v) = 5*v**2 + 288*v**3 - 144*v**3 - 143*v**3 - 2. Calculate l(-5).
-2
Let t(r) = r + r**2 - r - 6 + 5*r. Calculate t(-6).
0
Let j(w) = -2*w**2 - 7*w - 8. Let y be j(-3). Let c(r) = r**2 + 4*r + 4. Give c(y).
9
Suppose 1 = 2*t - t. Let c(p) = -6*p**2 - p + 5. Let s(f) = -f**2 + 1. Let a(z) = t*c(z) - 5*s(z). Let m(i) = -i**2 - 4*i - 4. Let v be m(-4). Give a(v).
-12
Suppose -25 = -4*r + 19. Suppose 5*d + r = l, 2*l + 5*d + 0 = 7. Let s(b) = b**2 - 6*b - 2. Give s(l).
-2
Let j(g) = 4*g + 4. Let w(y) = -5*y - 3. Let q(n) = -4*j(n) - 3*w(n). Let u(x) = -x**2 - 4*x + 1. Let m be u(-5). Calculate q(m).
-3
Let n(o) = 3*o + 2*o**3 - o**2 + o - 7*o + 1. Suppose -2*l - 6 = -2*w, -2*w + 0*w + 12 = l. What is n(l)?
7
Let k(w) = -4*w**3 + 2*w + 3. Let n be k(-1). Let a(x) = -2*x + 3. Calculate a(n).
-7
Let c(n) be the third derivative of n**5/60 - 5*n**4/24 - n**3/6 + 6*n**2. Calculate c(5).
-1
Let t(i) = -i**3 + 2*i. Let h be -2 - (8/4 - 2). What is t(h)?
4
Let s(n) = 2*n - 2. Let z be s(6). Let t = z + -6. Let c(v) = -2 - 3*v**2 + 5 + v**3 - 4 + 0 - 5*v. What is c(t)?
-5
Let i(a) = -12*a - 5. Let y(p) = -4*p - 2. Let q(l) = 6*i(l) - 17*y(l). Determine q(7).
-24
Let d(v) = -6*v + 2*v**2 + 3*v**3 - 2*v**3 + 4 - 5*v**2. Let g(j) = 5*j**2 + 2*j + 1. Let z = -2 + 1. Let b be g(z). Calculate d(b).
-4
Let w(d) = -3 + d**2 - 4*d + 3 - 2. What is w(6)?
10
Let m(a) = -a - 5. Let s(c) = -2*c + 2. Let t be s(4). Let l be m(t). Suppose -5*k - l - 4 = 0. Let f(x) = -4*x. Determine f(k).
4
Suppose -4*l + 2*q = l + 15, q = l + 3. Let g(u) = -u**3 - 4*u**2 - 4*u - 3. What is g(l)?
0
Let r(b) = b + 6. Let x be (4/(-12))/(2/30). Determine r(x).
1
Let y(r) = -2*r - 3. Suppose 3 = -f + 7. Suppose 2 = -3*g - f. Calculate y(g).
1
Suppose j + 2 = 0, 3*d - 14 = j + 3*j. Let u(p) = -1 + 1 + d*p. Let h = 4 - 3. Calculate u(h).
2
Let i(o) = -2*o + 26. Let w(y) = -y + 9. Let n(b) = 3*i(b) - 8*w(b). Give n(8).
22
Suppose 5*b - 2*j = 3 + 16, -3*j = -4*b + 11. Let h(q) = 2 + 0*q - b*q - 3. Determine h(-2).
9
Let f(s) = -3*s**2 + 2*s - 3. Let k(a) = 8*a**2 - 7*a + 10. Let d(o) = 11*f(o) + 4*k(o). Give d(-7).
0
Let m(s) be the first derivative of -1/3*s**3 - 1/2*s**2 + 1 + s - 1/4*s**4. Let v be 1*(0 - -2)*-1. Calculate m(v).
7
Let w(j) be the second derivative of j**3/6 - 3*j**2/2 + 6*j. Calculate w(0).
-3
Let n(x) = -13*x - 1. Let o = -77 + 76. Determine n(o).
12
Let d(h) = 4*h - 13 + 7 - 2*h. What is d(4)?
2
Let j be (-7 - -2) + -1 - -2. Let d(a) = -5 - 17*a**2 - 7*a + a + 16*a**2. Determine d(j).
3
Let z(k) be the first derivative of 2*k**2 + k - 6. Calculate z(1).
5
Let p(j) be the third derivative of j**4/8 - j**3 + 5*j**2. What is p(4)?
6
Let r = 1 + -1. Let f(w) be the first derivative of w**4/4 - w**3/3 - w**2/2 - 3*w - 1. What is f(r)?
-3
Let d be (-9)/(-54) - 22/(-12). Let q(l) = -2*l - 1. Let c(g) = 2*g + 1. Let a(j) = 4*c(j) + 3*q(j). What is a(d)?
5
Let l(s) = -s**2 - 6*s - 3. Let x = -38 + 34. Give l(x).
5
Let y(p) = -2*p**2 - 1 + 6 + 2*p - 1 - 4*p. Let f(b) = -3*b**2 - 2*b + 5. Let n(t) = -4*f(t) + 5*y(t). Determine n(2).
4
Let q(h) = 7*h + 1. Let o(k) = 2*k - 2. Let j be o(3). Suppose 4 = -j*l - 0. What is q(l)?
-6
Let t(y) = y**3 + y**2 - 8. Suppose -3*j + j + 4 = 0. Suppose -4 = -5*c + 3*c + 2*s, 5*c - s = j. Determine t(c).
-8
Let b(m) = 3*m + 3. Let z be b(-3). Let f = z + 9. Suppose -3*v - 5*k = -10 - 4, -3*k - f = -2*v. Let y(j) = j**3 - 2*j**2 - 3*j + 4. What is y(v)?
4
Let t(x) = 5*x**3 - 20*x**2 - 2*x - 17. Let p(o) = 2*o**3 - 7*o**2 - o - 6. Let j(d) = 8*p(d) - 3*t(d). What is j(-4)?
11
Let d(h) be the first derivative of -h**3/3 - 2*h**2 + 5*h + 5. Give d(-4).
5
Let j(f) = f**2 + f - 2. Suppose -5*i + 5*k + 43 = -77, -3*k - 3 = 0. Suppose -18*p + i*p = 0. Calculate j(p).
-2
Let v(m) = -m + 2. Let q = 11 - 7. Suppose 0 = q*y - 7 - 5. Let w = -1 + y. Determine v(w).
0
Let j be ((-45)/(-10))/((-3)/(-18)). Let g(t) = j - t - 27. What is g(-3)?
3
Let c(o) be the first derivative of o**2/2 + 10*o + 1. What is c(-8)?
2
Let g(m) = -2*m - m + 5 + m**2 - 2*m. Calculate g(5).
5
Let a(b) = 5*b + 2. Let h(v) = v + 1. Let t(z) = a(z) - 4*h(z). Let q = -5 + 9. Let j(n) = -n + 7. Let d be j(q). Calculate t(d).
1
Let q(j) = 7*j - 2*j - 3*j + 2*j. Let v be 0 + 0 - (-1 - -3). What is q(v)?
-8
Let r(g) = -g**2 + 13*g - 15. Let c be r(11). Let v(s) = s**2 - 3*s + 3. Let z(j) = -3*j**2 + 5*j - 5. Let i(w) = c*v(w) + 4*z(w). What is i(1)?
-5
Let p(r) be the third derivative of -r**5/60 + 5*r**4/24 + 5*r**2 + 2*r. Suppose 0 = -3*q - 2*n + 7, 2*q - 2*n + 0*n - 18 = 0. Determine p(q).
0
Let l(t) = t**3 - 2*t**3 - 5*t - 6*t**2 + 5*t + 4. Determine l(-6).
4
Let j be 5 - (8 + -4) - 3. Let t(z) = 1 - z + 0*z - 3. What is t(j)?
0
Let m(z) = 3. Let c(q) = q - 15. Let x(n) = 3*c(n) + 15*m(n). Suppose -3*w + 14 = -5*w. Let s = -6 - w. Determine x(s).
3
Suppose -30 = -5*b - i - 2*i, -10 = 5*b - 5*i. Let v(w) = 2 + b*w**2 - 7 - 2 - 2*w**2 - 6*w. Give v(6).
-7
Let y(g) = -g**3 + 10*g**2 - g + 13. Let d be y(10). Let m(q) = -q**2 - 2*q + 1. Determine m(d).
-14
Let a(m) = -m**3 + 9*m**2 - m + 1. Let d = -4 + 13. Determine a(d).
-8
Suppose 2*r = -4*o + 16 - 4, 2*o = -5*r + 22. Suppose -r = -4*z + 3*z. Let k(d) = 6*d - 3*d**2 - 3 - 2*d - 2*d**2 + z*d**2. Determine k(3).
0
Let h = 3 + -8. Let a(t) be the second derivative of t**6/360 + t**5/20 + 5*t**4/24 - t**3/3 + 2*t. Let i(b) be the second derivative of a(b). Calculate i(h).
0
Suppose 3*r + 18 = 3*s, 3*s + 0*s + 22 = -5*r. Let v = -3 + s. Let h(d) be the first derivative of d**2 - 2*d + 1. What is h(v)?
-6
Let z be -14*((-3)/6 - 0). Let s(u) = -u**2 + 8*u - 10. Determine s(z).
-3
Suppose 4*o - 31 = 1. Let a(g) = g**2 - 8*g + 2. Calculate a(o).
2
Let a(l) = l + 6*l**2 - 2 - 4*l**2 - l**2 - 10. Calculate a(0).
-12
Let n(o) = -3 + 367*o**2 + 5*o - 368*o**2 - 2. Let i be 2/(3/(33/(-2))). Let y = -6 - i. Calculate n(y).
-5
Let k = -1 + -5. Let s = -4 - k. Let z(d) = 5*d**3 + d**2 + d - 1. Let l(t) = t**3 + t**2. Let x(m) = 4*l(m) - z(m). Give x(s).
3
Let t(h) = 4*h**2 + h + 2. Let k = -4 - -2. Let d be t(k). Let a(q) = -d*q**2 - 1 + 0 + 19*q**2 - q. Calculate a(2).
9
Let h be (2/(-3))/(2/6). Let v(u) = 2*u*